ppose c = 13*x - 11*x. Calculate the highest common divisor of v and x.
27
Let r = 317 - 156. What is the greatest common divisor of 14 and r?
7
Let m = 19 + -19. Suppose 0 = -0*f + 2*f + 3*v - 7, m = f + 3*v - 11. Let p be 1/(-3 - f)*35. Calculate the greatest common factor of p and 5.
5
Let i(c) = -10*c**2 + 200*c + 12. Let a be i(20). Let t = 1 + 7. Calculate the greatest common divisor of t and a.
4
Let f(y) = y**3 + 8*y**2 - 14*y - 132. Let j be f(-7). Let d = 10 - 7. Calculate the highest common factor of j and d.
3
Suppose -64 = j - 80. Calculate the greatest common factor of j and 84.
4
Let s(o) = 2*o**2 + 3*o - 6. Let u = -15 + 45. Suppose -2*y - p + 5*p = u, -4*y - p - 15 = 0. Let i be s(y). What is the greatest common factor of 58 and i?
29
Let m = 2234 + -2196. Calculate the highest common factor of m and 14.
2
Let f = 51 - 33. Calculate the greatest common divisor of f and 258.
6
Let n be (19 - 19) + 1 + 3. Suppose -4*j - 14 = -k, n*k + 0*k = 2*j + 42. Let x be (25/15)/((-1)/(-9)). Calculate the greatest common factor of k and x.
5
Let j(c) = c**3 - 19*c**2 - 21*c - 46. Let k be j(20). Let y = k + 101. What is the greatest common factor of 7 and y?
7
Let q(p) = -p**2 - 23*p - 70. Let n be q(-15). What is the greatest common divisor of 175 and n?
25
Let m = -18 - -39. Calculate the highest common factor of m and 14.
7
Let f = -30 + 42. Let c be 9 - (-3 - (-1 - 4)). Suppose 5*o - 75 = -5*m, -o + 2*m + c = 1. What is the greatest common factor of o and f?
12
Let h(x) = 102 - 85 + 6*x - 3*x. Let t be h(-3). Calculate the greatest common divisor of 40 and t.
8
Let k(o) = o**3 + o**2 - 5. Let n be k(2). Let a be ((-96)/14 + 8)*n/2. What is the greatest common factor of 12 and a?
4
Suppose -5*a = -15, 0 = l - 5*a + 7 - 19. What is the highest common factor of l and 459?
27
Let l be 1/2*(-1 + -1) + 829. What is the highest common divisor of 72 and l?
36
Let p = -301 - -425. Suppose -3*c - 14 = -107. Calculate the greatest common divisor of c and p.
31
Let r(v) = 7*v**3 - 6*v**2 + 2*v. Let u be r(2). Let f(k) = 12*k + 6. Let z be f(7). What is the highest common factor of z and u?
18
Let k = -8 - -13. Suppose 3*r + 130 = 145. What is the greatest common factor of k and r?
5
Suppose 0 = -6*y + 3*y - 18. Let l be (-52)/y - (-6)/(-9). Suppose -104 = -3*d + 64. What is the highest common divisor of l and d?
8
Suppose 6*g = 2*g + 4*p - 140, 3*p = 12. Let u = 51 + g. Calculate the highest common factor of u and 60.
20
Let p(l) = l**2 + 23*l - 260. Let v be p(-32). What is the highest common factor of v and 12?
4
Let c be 4/(-4) + (0 + -1)*3. Let u be 38 + (0/3 - c). Calculate the greatest common divisor of u and 168.
42
Suppose -6*i = -7*i - 6. Let c be (3 - 0) + i + 38. Let q be (-2)/7 - 1/7*-100. What is the greatest common divisor of q and c?
7
Let n = -169 + 241. Let p(w) = w**2 - 4*w + 4. Let z be p(5). Calculate the greatest common factor of n and z.
9
Suppose u = 15 - 3. Let b = 20 + -36. Let w be (108/(-24))/(3/b). Calculate the highest common divisor of u and w.
12
Let g be 10/3*3/2. Let x = g - 0. Suppose -5*l - x*k = -10, 3*k = -4*l + k + 18. Calculate the greatest common divisor of l and 35.
7
Suppose -195 = -5*q - 3*x, -39 = 3*q - 4*q + x. What is the greatest common divisor of q and 299?
13
Suppose 0 = 5*q - 93 - 532. Let w = 141 - q. Calculate the greatest common divisor of 72 and w.
8
Let n(r) = r**2 - 4. Let w be n(-4). Suppose -744 = -34*p - 28*p. Calculate the greatest common factor of w and p.
12
Let b(s) = s**2 - 21*s + 26. Let v be b(20). Calculate the greatest common factor of 9 and v.
3
Let w(m) = -m**2 + 3*m - 1. Let b be w(6). Let v = -7 - b. What is the highest common divisor of 60 and v?
12
Suppose -263*u = -262*u - 333. What is the highest common factor of u and 9?
9
Let t(j) = 17*j**3 - 5*j**2 + 8*j - 3. Let d be t(1). What is the highest common factor of 901 and d?
17
Suppose -4*k - k = -1520. Suppose -5*p + 5*o = -380, o = -4*p + 6*o + k. Calculate the highest common factor of p and 19.
19
Suppose 5*z + 128 = 733. Let p = z + 121. What is the greatest common divisor of p and 22?
22
Suppose 5*h + 2*i - 5481 = 0, 52*h = 55*h - i - 3282. What is the highest common factor of h and 30?
15
Let z = 3215 - 1862. Calculate the greatest common divisor of 123 and z.
123
Suppose 0 = 5*m - 6*m + 22. Suppose -3*x - 2*i + 0 + 6 = 0, 0 = -5*x - 5*i + 10. Suppose 968 = 2*y + x*y. What is the highest common divisor of m and y?
22
Let q be (-2 - (-1 - 0))*-125. Let u(h) = 49*h**2 - 5*h + 6. Let t be u(1). What is the greatest common factor of t and q?
25
Let a = 30 + -28. Let u be a*68 - (-1 + 2). Suppose 2*m = 7*m - u. What is the highest common divisor of m and 3?
3
Let y = 28 + -21. What is the greatest common divisor of 91 and y?
7
Let y = 0 - -11. Suppose -30 = -4*h + 34. Suppose -5*z + 3*q + 278 = 0, 5*q = 5*z - 264 - h. What is the highest common factor of z and y?
11
Suppose a = -3*f - 40, -2*f + 3*a - 23 = -0*a. Let z = f + 16. Let w(u) = u**2 + 4. Let q be w(z). What is the greatest common divisor of q and 13?
13
Let x(m) = m**2 + 79*m + 454. Let i be x(-73). What is the highest common factor of 1168 and i?
16
Suppose -15*p - 22*p + 2516 = 0. What is the greatest common divisor of 170 and p?
34
Let l(j) = -73*j - 7001. Let b be l(-96). Let i(y) = y**2 - 4. Let q be i(-3). Suppose q + 9 = a. Calculate the greatest common factor of a and b.
7
Let v(o) = o**3 + 4*o**2 + 7*o + 45. Let d be v(-4). Calculate the highest common factor of d and 17.
17
Suppose 5*u + 3*b = -12, u + 5*b + 20 = -2*u. Suppose j - 7 = -u. Let k(z) = 86*z - 1571. Let q be k(19). Calculate the greatest common factor of j and q.
7
Suppose 12*z + 3 + 9 = 0. Let m be (0 - 2 - -12)/1. Let f = z + m. What is the greatest common factor of 9 and f?
9
Let y(d) = -d - 10. Let h be 6*(3 - (-44)/(-8)). Let l be y(h). Let s(u) = u**2 - 10*u + 21. Let g be s(8). What is the greatest common divisor of g and l?
5
Let z be (-15)/(-10)*136/12. Let h be 1/(-2)*(z + -25). What is the greatest common divisor of 4 and h?
4
Suppose 2*x - 173 = -5*b, 3*b = 2*x - 96 - 101. Let r = -68 + x. Let u be (78/4)/(6/40). Calculate the highest common divisor of r and u.
26
Let w be (-224)/24*(-1 - (-5)/2). Let v be (w/(-35))/(1/30) - 2. What is the highest common factor of 5 and v?
5
Let f be (-108)/16*-2*96/12. What is the greatest common factor of f and 96?
12
Let w(h) = -h**3 - 3*h**2 + 3*h + 1. Let s be w(-3). Let b = s - -11. Let x be 1 + -2 - (-8 - b). What is the greatest common divisor of 50 and x?
10
Suppose -4*d + 10 = -2. Suppose -2*b + 117 = d*v + 29, 4*v - 140 = 3*b. Let r = 43 - v. What is the highest common factor of 22 and r?
11
Let u = 15 + -433. Let c = -162 - u. Calculate the greatest common divisor of c and 16.
16
Suppose -2*l + l - 17 = 0. Let k(r) = -r - 11. Let c be k(l). Calculate the highest common divisor of 12 and c.
6
Let u(n) = -403*n + 20. Let i be u(-1). Calculate the highest common factor of 47 and i.
47
Let n(x) = 15*x + 53. Let u be n(-4). Let s(w) = -8*w - 20. Let p be s(u). Calculate the greatest common factor of p and 54.
18
Suppose -384 = -26*v + 188. Calculate the greatest common factor of v and 286.
22
Let z be 7 + -5 + (1 - 0). Suppose -4*x = 4*t - 588, z*t = 3*x + x - 560. What is the greatest common factor of 13 and x?
13
Let z(n) = n**3 + 4*n**2 - 4*n + 7. Let l be z(-5). Suppose l + 10 = 6*s. Calculate the greatest common factor of 6 and s.
2
Suppose -5*o = 25, 3*o - 20 = -5*h + o. Let v(j) = -33*j + 4. Let y be v(h). Let a = -134 - y. Calculate the highest common divisor of 15 and a.
15
Let x be (-7 + 6)*-5 - -5. What is the highest common factor of 670 and x?
10
Let l(g) = 2*g - 1. Let x be l(2). Let o be x + 1 - 12/2. Let i(v) = -75*v + 4. Let u be i(o). Calculate the highest common factor of u and 22.
22
Suppose -21 - 27 = -8*b. Let p be b - (-5 - -3)/(-2). Calculate the greatest common factor of p and 15.
5
Let n(d) = 8*d + 74. Let o be n(-6). What is the greatest common factor of o and 52?
26
Let v(h) = h + 8. Let k be v(-9). Let s be 4/(-3)*-6*(5 - k). Calculate the greatest common factor of s and 16.
16
Let j = 477 - 40. What is the greatest common factor of 92 and j?
23
Let r be (-222)/1776 + 46466/16. Calculate the highest commo